z.
2, 17, 163
Suppose -394138 = -22*j + 117560. What are the prime factors of j?
3, 7753
Let y = 82588 - 55920. What are the prime factors of y?
2, 59, 113
Suppose -41*v - 156143 = -496689. List the prime factors of v.
2, 4153
Let i(r) = -4*r - 14. Let a be i(-6). Let x(t) = 17*t - 22. Let o be x(a). Suppose -2*v + 22 = -o. What are the prime factors of v?
5, 17
Let y = 1156 + 5454. What are the prime factors of y?
2, 5, 661
Let h(a) = -5*a**2 + 13*a - 1. Let i be h(3). Let k be (i - -1)*1*(-6)/4. Suppose 0 = k*r - 3*r - 462. What are the prime factors of r?
7, 11
Let p = 5755 - 3266. List the prime factors of p.
19, 131
Let z(t) = -t**2 - t - 4. Let f be z(-2). What are the prime factors of 330/4 - 5/(20/f)?
2, 3, 7
Let t(n) = -9*n**3 + 6*n**2 + 27*n - 49. What are the prime factors of t(-13)?
19, 29, 37
Suppose -7982 + 2846 = -3*r. Suppose -2*l - r = -4*u, -2*u + 850 = -0*u - 4*l. What are the prime factors of u?
3, 11, 13
Let z(r) = 3*r**2 + 4*r - 22. Suppose -5*t + 25 + 25 = 0. List the prime factors of z(t).
2, 3, 53
Suppose -7*h = -2*h. Suppose h*n + n = t + 1062, 0 = 3*n + t - 3178. What are the prime factors of n?
2, 5, 53
Let s(l) be the third derivative of 7*l**4/6 + 8*l**3 + l**2 - l. What are the prime factors of s(6)?
2, 3
Suppose 72 = 141*u - 135*u. List the prime factors of (3 - u)/9 + 238.
3, 79
Suppose -28*r = -11*r + z - 285377, 0 = -2*r - 4*z + 33566. List the prime factors of r.
16787
Suppose -d + 1040 = r, -d = d - 3*r - 2055. Let i = d + -95. List the prime factors of i.
2, 5, 47
Let y(p) = p**3 - 2*p**2 - 6*p - 4. Let t be ((-27)/(-5))/(39/65). What are the prime factors of y(t)?
509
Let w(y) = -52*y + 8. Let z be w(2). Let p = z - -96. Suppose 2*t = -p*t + 62. List the prime factors of t.
31
Let c(w) = 4*w**2 + 11*w - 3. Let f be c(7). Let i(j) = j**3 - 2*j**2 + 4*j + 5. Let b be i(-5). Let a = f + b. What are the prime factors of a?
2, 5
Let s = -248 - -260. Suppose -s*x + 3321 = -3*x. What are the prime factors of x?
3, 41
What are the prime factors of 3729/44*488 + 8?
2, 13, 37, 43
Let j be ((-16)/(-14))/(4/(-14)). Let y(a) = 12*a**2 + 29*a + 113. List the prime factors of y(j).
3, 7
Let p = 56 + -46. Suppose 0 = 2*x + p + 4. Let k(z) = 4*z**2 + 11*z + 13. What are the prime factors of k(x)?
2, 3, 11
Let s(p) = p**2 + 7*p + 8. Let u be s(-6). Let a be (u/5)/(12/(-15))*2. List the prime factors of 17/(85/450) - a.
7, 13
Suppose 7980 + 2547 = 33*j. List the prime factors of 114144/j - (-2)/11.
2, 179
Suppose -9*u + 4*u = 0. Suppose -3*b - 2*x = -300, -5*b - x - x + 496 = u. Suppose 0 = z + 19 - b. What are the prime factors of z?
79
Let m = -164 + 250. Let v = -92 + m. Let f(z) = -2*z**3 - 8*z**2 + 5*z + 2. What are the prime factors of f(v)?
2, 29
Let g = 69 - 53. What are the prime factors of (-6)/g*2 - 2982/(-8)?
2, 3, 31
Let c(f) = -2*f**2 + 14*f + 3. Let i(m) = -3*m - 62. Let h(r) = 24*r + 1. Let p be h(-1). Let b be i(p). What are the prime factors of c(b)?
3
Suppose 4*u + 6530 = n, 0 = -u + 27 - 28. List the prime factors of n.
2, 13, 251
Let a be 2*(0 + 3 - (-6)/12). Suppose a*t - 10*t + 474 = 0. What are the prime factors of t?
2, 79
Suppose -3*u + a = 2*a - 70, -5*a - 25 = 0. Let z(x) = 3*x - x + x + x**2 + u + x**3 - 4*x. List the prime factors of z(0).
5
Suppose 5*k = 4*k + 4. Let q = k + -11. List the prime factors of (-1)/(-7) - (-2 + 356/q).
53
Let j(o) = 12*o + 1. Let l(k) = 8*k - 51. Let n(y) = 4*y - 25. Let p(x) = 2*l(x) - 5*n(x). Let h be p(4). List the prime factors of j(h).
5, 17
Suppose 98*w - 216976 = 23222. List the prime factors of w.
3, 19, 43
Suppose 109644 = 4*l + 4*m, 2*l = -231*m + 226*m + 54798. List the prime factors of l.
7, 3917
Suppose -28*w = -0*w - 28. Let s = 6 - 10. List the prime factors of s/(-2) - -119*w.
11
Let j(z) = -z**2 - 59*z + 43. Suppose -1606 = 39*a + 32. What are the prime factors of j(a)?
757
Suppose 3*z + 1 = -2. Let d be 7346/12 + z/6. Suppose -d = 4*r - 16*r. What are the prime factors of r?
3, 17
Suppose -5*y - 2*x + x + 9 = 0, -y = -5*x - 7. Let m(o) = 0 + 9*o**y - 20*o**3 + 10 + 6*o + 19*o**3. What are the prime factors of m(9)?
2
Let d(w) = -269*w - 983. What are the prime factors of d(-26)?
6011
Suppose 4*u - 15560 = -c, 18*u - 19*u = -3. List the prime factors of c.
2, 13, 23
Let u(l) = 12 + 32*l + 7*l**3 - 8*l**3 + 0*l**3 + 8 + 11*l**2. List the prime factors of u(11).
2, 3, 31
Let t(k) = -23*k - 3 + 183*k**2 + 11*k - 17*k**2 + 11*k. What are the prime factors of t(2)?
659
Let a(q) = 635*q**2 + 114*q + 790. List the prime factors of a(-8).
2, 3, 2251
Suppose -5*f + 10 = -x - 0, x + 2 = f. Suppose -6*y - 4*l = -f*y, 5*l - 4 = -3*y. What are the prime factors of ((-6)/4*1)/(y/76)?
3, 19
Let l = -787 - -2359. Suppose 0*m + 2*m - l = -2*s, 2366 = 3*m + s. What are the prime factors of m?
2, 5, 79
Suppose -14 = -3*y + 5*j, -2*j - 17 = -5*y - 0*j. Suppose -z - 4*i + 157 = 0, -y*z - 6*i = -5*i - 493. List the prime factors of z.
3, 5, 11
Let c(u) = -68*u**2 - 5*u**2 - 95*u**2. Let w be c(1). Let j = w + 241. List the prime factors of j.
73
Let s(z) = 6 - 1 - 56*z + 58*z - 1. Let g be s(0). Suppose 17 - g = m. List the prime factors of m.
13
Suppose 114*h - 12 = 118*h, -2*x + 3*h = -15597. What are the prime factors of x?
2, 3, 433
Let h(q) be the first derivative of -q**3/3 - 11*q**2 - q - 2. Let f = -807 + 794. What are the prime factors of h(f)?
2, 29
Suppose 14*q - 275542 = 330907 + 6317. List the prime factors of q.
11, 23, 173
Suppose 0 = 5*l + n + 4*n + 130, 0 = -4*l + n - 124. List the prime factors of (-2 - -42)*(l/(-4) - 5).
2, 5
Let g(s) = 770*s + 1685. What are the prime factors of g(7)?
5, 283
Let u(d) = d**3 + 2*d + 5. Let t be u(-4). Suppose 3*m - 10 = 6*m + p, -4*m + 3*p - 9 = 0. What are the prime factors of (t - m)/(4/(-10))?
2, 5
Let k be -3 + 140/4 + 5. Let m(a) = 7*a + 15. What are the prime factors of m(k)?
2, 137
List the prime factors of (-143 - -248)/((-2)/(-566)).
3, 5, 7, 283
Suppose -6*c = -c - 2*t - 106, -4*t = -2*c + 52. Suppose 0 = -c*d + 37*d - 8075. List the prime factors of d.
5, 19
Suppose -3*j = q - 0 - 4, -20 = 4*q. Let r(v) = 4*v**2 + 5*v - 15. Let a be r(j). Let h = 42 + a. List the prime factors of h.
2, 3, 13
Let l(z) = 37*z - 67 - z**2 + 32 + 35. List the prime factors of l(11).
2, 11, 13
Suppose -17 = -9*r + 1. Suppose -15*s + 16*s = r. Suppose 5*x - 180 = -3*k + s*x, k + 2*x - 61 = 0. List the prime factors of k.
59
What are the prime factors of -10*(108378/(-36) - 1)?
5, 19, 317
Suppose 0 = -r - 30*r - 217. List the prime factors of (-2980)/8*r/((-175)/(-20)).
2, 149
What are the prime factors of (-37867701)/(-1756) - ((-10)/(-24) + 4/(-6))?
5, 19, 227
Let n(j) = 5*j**2 - 16*j - 331. List the prime factors of n(-29).
2, 3, 241
Suppose 0 = 19*p - 418 - 190. Suppose p*k + 8 = 30*k, 4*k = -2*s + 190. What are the prime factors of s?
103
Suppose -2*p + x = -63, -2*x = -2*p + 53 + 7. Suppose -3*l = -4*m + p, -m = 4*m - l - 55. Suppose -1554 = -m*r + 90. What are the prime factors of r?
137
Suppose 5*t - 11 = -2*a, -4*a + 4 + 7 = -t. Suppose 5*c - 1661 = -a*u, 2*u - 2*c - 493 = 609. List the prime factors of u.
2, 3, 23
Let a(w) = -w**3 + 14*w**2 + 16*w - 6. Let n be a(13). Suppose -5*v = 4*t + n + 4620, -t = -4*v + 1274. List the prime factors of (t/(-19))/(2*1).
3, 11
Let x(w) = -69 + 10*w + 10*w + 2*w + 5*w**2 - 2*w. List the prime factors of x(4).
7, 13
Let s = -158 + 162. Suppose 4*z - 5*c - 26 = -5, 3*z - c - 13 = 0. Suppose s*r + 5*g - 302 = 0, z*g - 6*g = r - 74. List the prime factors of r.
2, 3, 13
Let r(g) = 11 + 31*g + 3*g**2 + 17 - 34. What are the prime factors of r(5)?
2, 7
Let o(b) = 100*b**2 - 7*b - 38. Let a be o(-4). Suppose 2*q + 4*q - a = 0. List the prime factors of q.
5, 53
Let n(l) = l**3 - 9 - 18*l**3 + 4*l - l**2 + 5*l**2. Let p be n(-3). What are the prime factors of (p/24)/((-1)/(-8))?
2, 79
Suppose 162236 = 3*b - 4*p, -53*p = -50*p - 21. List the prime factors of b.
2, 6761
Let a(w) = w**2 + 21*w - 70. Let q be a(-24). Let j be (1*4)/(1/2). List the prime factors of 7/(-28) - (q - 1010/j).
2, 31
List the prime factors of (-21)/(-3)*(-8)/8 + 17483.
2, 17, 257
Let d(l) = 238*l**2 + 2*l - 3. Let r be d(2). Let o = r - 414. List the prime factors of o.
7, 11
What are the prime factors of (-550)/(-